2
Calculate the highest common factor of 106262187 and 999.
111
Calculate the highest common factor of 4264 and 811759.
533
Calculate the greatest common factor of 2403332 and 4.
4
What is the highest common factor of 8510862 and 88282?
2386
Calculate the greatest common divisor of 238008 and 798424.
1688
Calculate the highest common divisor of 2456503 and 21721.
203
What is the greatest common divisor of 107576 and 1175720?
952
Calculate the greatest common factor of 20293365 and 25.
5
What is the highest common divisor of 1818642 and 94658?
2014
Calculate the highest common divisor of 606851798 and 3748.
1874
Calculate the greatest common factor of 6525 and 351197975.
725
What is the highest common divisor of 45525 and 12645?
15
Calculate the highest common factor of 23715769 and 6706.
3353
Calculate the highest common factor of 10778 and 146688580.
10778
Calculate the greatest common divisor of 19564 and 2094152.
268
What is the greatest common divisor of 3076326 and 23760?
594
What is the highest common divisor of 32980 and 331253060?
1940
What is the greatest common divisor of 3611 and 1120928?
23
What is the highest common factor of 15096 and 698190?
3774
Calculate the highest common factor of 1686191111 and 253.
253
What is the greatest common factor of 1807576 and 935?
17
What is the greatest common divisor of 345 and 6194728?
23
What is the greatest common factor of 17549115 and 36?
3
What is the greatest common divisor of 5432 and 68164131?
679
Calculate the highest common divisor of 91922 and 263302.
1558
Calculate the greatest common divisor of 91 and 194899393.
13
Calculate the greatest common divisor of 1300915 and 11625.
155
Calculate the greatest common divisor of 264863 and 2249.
173
What is the greatest common factor of 1175 and 63117240?
235
What is the highest common divisor of 452455564 and 132?
44
What is the highest common factor of 25323480 and 13377?
273
What is the highest common factor of 129 and 177208977?
129
What is the highest common factor of 470 and 2664010?
10
What is the greatest common divisor of 116661 and 11544?
111
Calculate the greatest common factor of 539827 and 3003467.
3623
What is the highest common factor of 84823488 and 576?
576
What is the highest common factor of 20705 and 115666412?
4141
Calculate the highest common factor of 687582 and 1742174.
1498
What is the highest common factor of 5893018 and 14346?
1594
What is the greatest common factor of 48 and 1023908?
4
What is the highest common divisor of 47370 and 4110?
30
Calculate the highest common factor of 222 and 297184814.
74
Calculate the highest common factor of 26864 and 140816.
16
Calculate the greatest common divisor of 1192602 and 4068.
678
What is the highest common factor of 4801582 and 1088?
34
Calculate the greatest common divisor of 61 and 18782754.
61
What is the highest common divisor of 224143640 and 527?
527
Calculate the highest common divisor of 37134220 and 8.
4
What is the highest common divisor of 25206 and 6114?
6
Calculate the greatest common divisor of 1144 and 506167288.
88
What is the greatest common factor of 75440 and 11777840?
1840
Calculate the highest common factor of 260 and 245133759.
13
What is the greatest common factor of 6787703 and 143?
13
Calculate the highest common factor of 139285 and 1414760.
1565
What is the greatest common divisor of 8816846 and 1266?
422
Calculate the greatest common factor of 2660 and 35937930.
1330
What is the greatest common divisor of 7587813 and 6312?
789
Calculate the highest common factor of 32 and 137083232.
32
Calculate the greatest common divisor of 44599970 and 2.
2
Calculate the highest common divisor of 5254 and 260258.
74
Calculate the highest common divisor of 1387 and 34161518.
73
What is the greatest common factor of 10602 and 21145689?
5301
Calculate the greatest common divisor of 1 and 2618587.
1
Calculate the highest common factor of 568946 and 3906.
14
What is the highest common factor of 535 and 2828866?
107
What is the greatest common factor of 535 and 3095189?
107
Calculate the greatest common factor of 447 and 19399353.
447
What is the highest common divisor of 187407798 and 6?
6
Calculate the highest common divisor of 25077439 and 274.
137
What is the greatest common factor of 273107380 and 34?
34
Calculate the highest common factor of 18847 and 3995.
47
Calculate the highest common divisor of 7126025 and 1450.
725
Calculate the greatest common factor of 27196 and 37232.
52
What is the highest common divisor of 77242 and 288625266?
7022
Calculate the highest common divisor of 6 and 229367313.
3
What is the greatest common divisor of 5235 and 4790790?
15
Calculate the greatest common divisor of 831011 and 85.
17
What is the greatest common factor of 412 and 857063?
103
Calculate the highest common factor of 17083090 and 2350.
470
Calculate the highest common factor of 161772204 and 408.
204
What is the greatest common divisor of 4984 and 5195820?
2492
What is the highest common factor of 203667 and 6409?
29
What is the highest common divisor of 745407432 and 22869?
7623
Calculate the greatest common factor of 25086 and 26382110.
8362
Calculate the greatest common divisor of 75 and 294321135.
15
What is the highest common factor of 120 and 15323320?
40
What is the greatest common factor of 4371 and 10959213?
93
What is the highest common divisor of 16326 and 33081918?
5442
What is the highest common factor of 274204329 and 1239?
1239
What is the greatest common factor of 56 and 498236?
4
What is the highest common divisor of 1102 and 906834698?
1102
What is the greatest common divisor of 152909475 and 25?
25
What is the greatest common factor of 45 and 6326802?
9
What is the greatest common divisor of 292 and 5955556372?
292
Calculate the highest common factor of 48613279 and 187.
11
What is the highest common factor of 24 and 42027900?
12
Calculate the highest common divisor of 10277256 and 8424.
24
What is the highest common divisor of 785599 and 389423?
2251
What is the highest common factor of 153999 and 865431?
2169
What is the highest common factor of 35162593 and 311?
311
Calculate the highest common divisor of 48138 and 6760194.
426
Calculate the highest common divisor of 258 and 882076458.
258
What is the highest common divisor of 2193624 and 288?
72
Calculate the greatest common divisor of 312614093 and 2101.
2101
What is the greatest common factor of 210736 and 96?
16
What is the greatest common divisor of 931690 and 2?
2
What is the highest common factor of 12530 and 123655?
35
What is the greatest common divisor of 771 and 2816206?
257
Calculate the highest common factor of 371813 and 27353378.
10049
Calculate the greatest common factor of 2146348 and 464.
116
Calculate the highest common divisor of 303 and 6788109.
303
Calculate the greatest common divisor of 23819324 and 116.
116
What is the highest common factor of 211324927 and 11?
11
What is the greatest common divisor of 17672 and 79133007?
2209
Calculate the greatest common factor of 1613 and 461064759.
1613
What is the greatest common divisor of 38416 and 25744?
16
Calculate the highest common factor of 1666634 and 16571.
227
Calculate the highest common factor of 1286430 and 14835.
15
What is the highest common factor of 23543940 and 17255?
1015
Calculate the greatest common divisor of 252 and 3899308.
28
Calculate the greatest common divisor of 5632 and 226292.
44
What is the greatest common divisor of 4725 and 94798053?
189
Calculate the greatest common factor of 4750423 and 11.
1
What is the greatest common factor of 95526 and 160763182?
3538
What is the greatest common factor of 28 and 2015132?
28
Calculate the highest common divisor of 4032 and 2465285760.
4032
Calculate the greatest common factor of 27 and 322431867.
27
Calculate the greatest common divisor of 1304736 and 1600.
32
What is the greatest common factor of 2250538 and 44144?
62
What is the highest common factor of 4851 and 2378277?
99
What is the highest common factor of 564639 and 21186?
321
Calculate the greatest common factor of 5589 and 7157485.
23
What is the greatest common factor of 604951 and 2993?
73
Calculate the greatest common divisor of 980 and 42487998.
98
Calculate the greatest common divisor of 